 = 0. Suppose l*f - 20 = 6*f. What is the remainder when 14 is divided by f?
4
Suppose -2*h + 113 = -a, 4*a - 3*a = h - 58. What is the remainder when 157 is divided by h?
47
Let m = -773 + 844. What is the remainder when m is divided by 30?
11
What is the remainder when 58 is divided by ((-27)/4)/((-33)/88)?
4
Suppose -31*k = 126*k - 10676. Suppose -5*h - 2*v + 108 = 0, 5*h = 2*v - 48 + 140. What is the remainder when k is divided by h?
8
Let t = 1819 - 1804. Calculate the remainder when 241 is divided by t.
1
Let p(k) = -k**3 - 18*k**2 - 19*k + 6. Let a be p(-17). Suppose v - a = -17. Calculate the remainder when v is divided by 9.
5
Suppose -2*k + 2*q + 0*q = -62, 2*k - 50 = -4*q. What is the remainder when k is divided by (-16)/(-4) + 60/4 - 4?
14
Let l be 32*(-1 + 1/(-2)). Let x = l + 114. Suppose 5*w = x + 59. What is the remainder when w is divided by 9?
7
Suppose 3*d - 85 = 98. Suppose 2*y - 26 = 5*a, -5*a - 12 - 8 = 0. Suppose -x = -4*h, -5*x + 4*x + y*h = -4. What is the remainder when d is divided by x?
13
Suppose -w - 259 = -4*w + q, -5*q = -4*w + 338. What is the remainder when 89 is divided by w?
2
Let g(w) = w**3 + 6*w**2 - w - 4. Let t be g(-7). Let c = -13 - t. Calculate the remainder when c is divided by 17.
16
Let x(k) = -k**2 + 10*k - 6. Suppose 5*d - 70 = 15. Let s = -12 + d. Calculate the remainder when x(s) is divided by 11.
8
Let v = 310 - 216. Let t(f) = 5*f - 7. Let h be t(2). Suppose -h*b - 15 = -z - 0*b, -105 = -4*z - 3*b. Calculate the remainder when v is divided by z.
22
What is the remainder when 64 is divided by (-26)/(-8)*10*12/30?
12
Let q(k) = 8*k**2 + 12*k - 14. What is the remainder when 113 is divided by q(-4)?
47
Suppose -3*v - 6 = 2*q, 3*v - 5*v - 8 = 0. Suppose 75 = 5*m + h, -4*h - 45 = -q*m - 3*h. What is the remainder when 56 is divided by m?
11
Let u(s) be the first derivative of -s**3/3 + 7*s**2/2 + 5*s - 2. Calculate the remainder when 6 is divided by u(7).
1
Suppose m = 5*w - 17, 2*m - 5*w + 7 = -4*w. What is the remainder when 10 is divided by (-3)/(-9)*3 - m?
1
Suppose -16 = -z - 0. Let a(i) = -i**2 + 19*i - 1. Let s(j) = j. Let r(x) = -a(x) + 4*s(x). What is the remainder when r(z) is divided by 9?
8
Let o(g) = -g**2 + 18*g + 42. What is the remainder when (-135)/18*(-4)/6 is divided by o(20)?
1
Suppose 3*g - 5*n + 39 = 6*g, -4*g - 2*n + 52 = 0. What is the remainder when 24 is divided by g?
11
Suppose 3*b = -9*b + 396. Suppose 0 = -9*v + b + 183. Calculate the remainder when 69 is divided by v.
21
Let z = -21 - -8. Let b = 21 - z. What is the remainder when b is divided by 9?
7
Let h = 27 - -5. Let f = -159 - -170. Let g = h - f. What is the remainder when 38 is divided by g?
17
What is the remainder when (410/(-3))/(80/(-120)) is divided by 103?
102
Suppose -189 = -5*y + 241. Suppose -116*s + 3096 = 56*s. Calculate the remainder when y is divided by s.
14
Suppose 0 = -3*l - 3*u - 3, -3*l = -l - u - 4. What is the remainder when 47 is divided by ((-1)/l)/(-1) - -23?
23
Suppose 41*j = 44*j - 228. What is the remainder when j is divided by 20?
16
Let t = -45 - -23. Let k = -3 + 18. What is the remainder when (-287)/(-5) - t/(-55) is divided by k?
12
Suppose -30*o = -37*o + 91. What is the remainder when 112 is divided by o?
8
Suppose 0 = -x + s + 13, -3*s = x - 1 - 20. What is the remainder when 79 is divided by x?
4
Let n(t) = -9*t - 42. Let x(w) = 6*w + 7. Let b be x(-2). Calculate the remainder when 4 is divided by n(b).
1
Let r = -120 - -107. Let d = r - -47. Calculate the remainder when 101 is divided by d.
33
Suppose 0 = -2*m - 4*q + 140, -210*m = -205*m - 5*q - 335. What is the remainder when m is divided by 11?
2
Let q = -132 - -244. Let u = q + -75. Let z(k) = k**3 + 7*k**2 + 8*k + 10. Calculate the remainder when u is divided by z(-5).
17
Let k be 3/(-7) - (-74)/(-7). Let o = k - -13. Calculate the remainder when (6/(-2) - -7)*o is divided by 3.
2
Suppose 6 = 3*v, 2*v - 3 = 4*c - 19. Suppose -3*n = -c*y + 55 + 130, 0 = 4*y - 4*n - 156. Calculate the remainder when y is divided by 4.
2
Let a(c) = 2*c**3 + 31*c**2 + 4*c - 15. Calculate the remainder when 160 is divided by a(-15).
10
Let k(l) = 2*l + 4. Suppose 2*b + 2*t - 3*t = 6, 6 = 3*t. Suppose j = 16 + 16. What is the remainder when j is divided by k(b)?
8
Suppose 3*n + 3 = -3. Let p = n + 8. Let u(a) = 3*a**2 + a. What is the remainder when p is divided by u(1)?
2
Let x(h) = -h**3 + 3*h**2 + h - 1. Let d be x(3). Suppose 0 = -5*l + 2*s + 125, 1 = 5*s - 24. Calculate the remainder when l is divided by (-1 + d)/(1/7).
6
Let u(i) be the third derivative of 4/3*i**3 + 1/60*i**5 + 0 + 1/3*i**4 - 2*i**2 + 0*i. Calculate the remainder when u(-9) is divided by 9.
8
Let u = -32 + 28. Let v(s) = s - 2. Let p be v(-2). What is the remainder when 43 is divided by 17 + (-2)/p*u?
13
Suppose t - 66 = -2*z, -3*z + 20 = -2*t - 72. Suppose -31 - z = -9*q. What is the remainder when 32 is divided by q?
4
Let s = 10 + -9. Let h = 58 - s. Calculate the remainder when h is divided by 12.
9
Let r be -10 - -7 - (1 - 8). Suppose -2*y = y + 3*n + 15, n = 2*y + r. What is the remainder when (-1 - 0) + (78 - y) is divided by 41?
39
Let r(w) = -w**3 - w**2 + 5*w + 19. Let y = 7 - 2. What is the remainder when r(-4) is divided by (y/(-2))/((-1)/10)?
22
Let q be 50/15 + 1/(-3). Suppose -s - q*s = -108. Suppose -2*r = -2*w + 17 + 1, -10 = -2*r. Calculate the remainder when s is divided by w.
13
Let p(c) be the second derivative of -1/2*c**2 + c - 1/2*c**3 + 0. What is the remainder when 24 is divided by p(-5)?
10
Let r(s) = -s**2 - s - 15. Let n be r(0). What is the remainder when 54 is divided by 15 - (n/3 + 1)?
16
Suppose -5*c + 2*b + 1625 = 0, -b = c - 428 + 110. Calculate the remainder when c is divided by 25.
23
Suppose 67 = 3*o + 10. Suppose -10*p + 15*p = 50. Suppose 2*z = 4*k - 3*k + 25, -p = z + 4*k. What is the remainder when o is divided by z?
9
Suppose 23*a + a - 312 = 0. Suppose 2*p + 162 = 4*h, 4*p = -p + 5. Calculate the remainder when h is divided by a.
2
Let l = -201 + 219. Let r = -48 - -117. Calculate the remainder when r is divided by l.
15
Let b(s) = 785*s - 18. Calculate the remainder when b(1) is divided by 22.
19
Let j be (-5)/(2*3/(-12)). Let h = j - 10. What is the remainder when 62 is divided by 2 - h/(-2) - -19?
20
Let u = 2488 + -2354. Let t = 86 - 52. Calculate the remainder when u is divided by t.
32
Let f(z) = z**2 + 2*z + 1. Let h = 96 - 84. What is the remainder when f(8) is divided by h?
9
Let p(c) = -5*c - 12 + 0*c + 2*c. Let r = -15 + 38. What is the remainder when r is divided by p(-8)?
11
Suppose -s + 17 = -3*j, -3*j - 2 = 1. Calculate the remainder when 39 is divided by s.
11
Let v = -605 + 647. What is the remainder when v is divided by 14?
0
Let u(d) = -410*d**3 - 2*d**2 + 7*d + 8. Calculate the remainder when u(-1) is divided by 23.
18
Suppose -8*s + g + 60 = -4*s, 0 = 2*s - 3*g - 20. Calculate the remainder when 44 is divided by s.
12
Let z = 108 + -102. Calculate the remainder when 16 is divided by z.
4
Suppose 3*w = 4*s + 34, -4*w + 36 = -0*w + 4*s. Let t be (7 - -3)*3/6. Suppose x = -u + 35, 3 + 17 = -t*x. What is the remainder when u is divided by w?
9
What is the remainder when 2*9/((-9)/(-17)) is divided by 8 - ((-3 - 1) + 2)?
4
Let n = -3 + 7. Suppose 4*x - 12 + n = 0. Suppose -2*c = 2*t + t - 197, -x*t + 6 = 0. What is the remainder when c is divided by 24?
22
Suppose -a = 5*v + 11, v = 2*a + 2*a - 40. Suppose -h + 4 = -a. What is the remainder when 76 is divided by h?
11
Let c = 27 + -25. Suppose 0 = -v + 4*y - 16, 5*v - 3*y - 3 - c = 0. What is the remainder when 7 is divided by v?
3
Let f be -1*-4*1 - 1. Suppose -t + 2*c - 82 = t, 4*c + 144 = -f*t. Calculate the remainder when 8/16*t/(-1) is divided by 8.
6
What is the remainder when 347 is divided by 91/(-2)*20/(2 - 12)?
74
Let x(t) = -2*t**2 - 13*t. Let v be x(-9). What is the remainder when (-4 + 2)/(2/v) is divided by 16?
13
Let d(g) = -108*g**3 + 2*g**2 + g. Calculate the remainder when d(-1) is divided by (-6)/(-1 + 75/165).
10
Let f = -49 + 28. Let z = f - -32. Suppose -13*p + z*p + 26 = 0. What is the remainder when 37 is divided by p?
11
Let m = 5 + -2. Suppose m*d - 92 = d. Calculate the remainder when d is divided by 10.
6
Let l be (-495)/(-25)